{"id":1869,"date":"2025-02-11T17:53:03","date_gmt":"2025-02-11T16:53:03","guid":{"rendered":"https:\/\/alpinmount.pl\/?page_id=1869"},"modified":"2025-02-15T19:29:51","modified_gmt":"2025-02-15T18:29:51","slug":"montaz-wkladow-kominowych","status":"publish","type":"page","link":"https:\/\/alpinmount.pl\/?page_id=1869","title":{"rendered":"Monta\u017c wk\u0142ad\u00f3w kominowych"},"content":{"rendered":"\t\t<div data-elementor-type=\"wp-page\" data-elementor-id=\"1869\" class=\"elementor elementor-1869\" data-elementor-post-type=\"page\">\n\t\t\t\t\t\t<section class=\"elementor-section elementor-top-section elementor-element elementor-element-c0d7c90 elementor-section-full_width elementor-section-height-default elementor-section-height-default\" data-id=\"c0d7c90\" data-element_type=\"section\" data-settings=\"{&quot;background_background&quot;:&quot;classic&quot;}\">\n\t\t\t\t\t\t<div class=\"elementor-container elementor-column-gap-default\">\n\t\t\t\t\t<div class=\"elementor-column elementor-col-100 elementor-top-column elementor-element elementor-element-129f87f\" data-id=\"129f87f\" data-element_type=\"column\" data-settings=\"{&quot;background_background&quot;:&quot;slideshow&quot;,&quot;background_slideshow_gallery&quot;:[{&quot;id&quot;:1926,&quot;url&quot;:&quot;https:\\\/\\\/alpinmount.pl\\\/wp-content\\\/uploads\\\/2025\\\/02\\\/DSC_0140b-scaled.jpg&quot;}],&quot;background_slideshow_loop&quot;:&quot;yes&quot;,&quot;background_slideshow_slide_duration&quot;:5000,&quot;background_slideshow_slide_transition&quot;:&quot;fade&quot;,&quot;background_slideshow_transition_duration&quot;:500}\">\n\t\t\t<div class=\"elementor-widget-wrap elementor-element-populated\">\n\t\t\t\t\t\t\t<\/div>\n\t\t<\/div>\n\t\t\t\t\t<\/div>\n\t\t<\/section>\n\t\t\t\t<section class=\"elementor-section elementor-top-section elementor-element elementor-element-520269c elementor-section-boxed elementor-section-height-default elementor-section-height-default\" data-id=\"520269c\" data-element_type=\"section\">\n\t\t\t\t\t\t<div class=\"elementor-container elementor-column-gap-default\">\n\t\t\t\t\t<div class=\"elementor-column elementor-col-100 elementor-top-column elementor-element elementor-element-7cb9323\" data-id=\"7cb9323\" data-element_type=\"column\">\n\t\t\t<div class=\"elementor-widget-wrap elementor-element-populated\">\n\t\t\t\t\t\t<div class=\"elementor-element elementor-element-65feb9b elementor-widget elementor-widget-spacer\" data-id=\"65feb9b\" data-element_type=\"widget\" data-widget_type=\"spacer.default\">\n\t\t\t\t<div class=\"elementor-widget-container\">\n\t\t\t\t\t\t\t<div class=\"elementor-spacer\">\n\t\t\t<div class=\"elementor-spacer-inner\"><\/div>\n\t\t<\/div>\n\t\t\t\t\t\t<\/div>\n\t\t\t\t<\/div>\n\t\t\t\t\t<\/div>\n\t\t<\/div>\n\t\t\t\t\t<\/div>\n\t\t<\/section>\n\t\t\t\t<section class=\"elementor-section elementor-top-section elementor-element elementor-element-a880c87 elementor-section-full_width elementor-section-height-default elementor-section-height-default\" data-id=\"a880c87\" data-element_type=\"section\">\n\t\t\t\t\t\t<div class=\"elementor-container elementor-column-gap-default\">\n\t\t\t\t\t<div class=\"elementor-column elementor-col-20 elementor-top-column elementor-element elementor-element-98e3383\" data-id=\"98e3383\" data-element_type=\"column\">\n\t\t\t<div class=\"elementor-widget-wrap\">\n\t\t\t\t\t\t\t<\/div>\n\t\t<\/div>\n\t\t\t\t<div class=\"elementor-column elementor-col-20 elementor-top-column elementor-element elementor-element-dc014dd\" data-id=\"dc014dd\" data-element_type=\"column\">\n\t\t\t<div class=\"elementor-widget-wrap elementor-element-populated\">\n\t\t\t\t\t\t<div class=\"elementor-element elementor-element-e3fcca1 elementor-widget elementor-widget-text-editor\" data-id=\"e3fcca1\" data-element_type=\"widget\" data-widget_type=\"text-editor.default\">\n\t\t\t\t<div class=\"elementor-widget-container\">\n\t\t\t\t\t\t\t\t\t<p style=\"text-align: center;\">Zajmujemy si\u0119 sprzeda\u017c\u0105 oraz monta\u017cem wk\u0142ad\u00f3w kominowych kwasoodpornych i\u00a0\u017caroodpornych, nasad kominowych, przeznaczonych do urz\u0105dze\u0144 opalanych gazem, olejem oraz paliwem sta\u0142ym (w\u0119giel, drewno, pelet, ekogroszek).<\/p><p style=\"text-align: center;\">\u00a0<\/p>\t\t\t\t\t\t\t\t<\/div>\n\t\t\t\t<\/div>\n\t\t\t\t<div class=\"elementor-element elementor-element-c6d6947 elementor-headline--style-highlight elementor-widget elementor-widget-animated-headline\" data-id=\"c6d6947\" data-element_type=\"widget\" data-settings=\"{&quot;marker&quot;:&quot;underline&quot;,&quot;highlighted_text&quot;:&quot;2010 r. &quot;,&quot;highlight_animation_duration&quot;:1500,&quot;headline_style&quot;:&quot;highlight&quot;}\" data-widget_type=\"animated-headline.default\">\n\t\t\t\t<div class=\"elementor-widget-container\">\n\t\t\t\t\t\t\t<h4 class=\"elementor-headline\">\n\t\t\t\t\t<span class=\"elementor-headline-plain-text elementor-headline-text-wrapper\">Dzia\u0142amy na rynku od<\/span>\n\t\t\t\t<span class=\"elementor-headline-dynamic-wrapper elementor-headline-text-wrapper\">\n\t\t\t\t\t<span class=\"elementor-headline-dynamic-text elementor-headline-text-active\">2010 r. <\/span>\n\t\t\t\t<\/span>\n\t\t\t\t<\/h4>\n\t\t\t\t\t\t<\/div>\n\t\t\t\t<\/div>\n\t\t\t\t\t<\/div>\n\t\t<\/div>\n\t\t\t\t<div class=\"elementor-column elementor-col-20 elementor-top-column elementor-element elementor-element-f4ef998\" data-id=\"f4ef998\" data-element_type=\"column\">\n\t\t\t<div class=\"elementor-widget-wrap\">\n\t\t\t\t\t\t\t<\/div>\n\t\t<\/div>\n\t\t\t\t<div class=\"elementor-column elementor-col-20 elementor-top-column elementor-element elementor-element-9ec62fb\" data-id=\"9ec62fb\" data-element_type=\"column\">\n\t\t\t<div class=\"elementor-widget-wrap elementor-element-populated\">\n\t\t\t\t\t\t<div class=\"elementor-element elementor-element-0f9e690 elementor-widget elementor-widget-image\" data-id=\"0f9e690\" data-element_type=\"widget\" data-widget_type=\"image.default\">\n\t\t\t\t<div class=\"elementor-widget-container\">\n\t\t\t\t\t\t\t\t\t\t\t\t\t\t\t<img fetchpriority=\"high\" decoding=\"async\" width=\"1024\" height=\"1024\" src=\"https:\/\/alpinmount.pl\/wp-content\/uploads\/2021\/05\/IMG_20190130_113552-1-1024x1024.jpg\" class=\"attachment-large size-large wp-image-1349\" alt=\"Monta\u017c komina\" srcset=\"https:\/\/alpinmount.pl\/wp-content\/uploads\/2021\/05\/IMG_20190130_113552-1-1024x1024.jpg 1024w, https:\/\/alpinmount.pl\/wp-content\/uploads\/2021\/05\/IMG_20190130_113552-1-300x300.jpg 300w, https:\/\/alpinmount.pl\/wp-content\/uploads\/2021\/05\/IMG_20190130_113552-1-150x150.jpg 150w, https:\/\/alpinmount.pl\/wp-content\/uploads\/2021\/05\/IMG_20190130_113552-1-1536x1536.jpg 1536w, https:\/\/alpinmount.pl\/wp-content\/uploads\/2021\/05\/IMG_20190130_113552-1-2048x2048.jpg 2048w\" sizes=\"(max-width: 1024px) 100vw, 1024px\" \/>\t\t\t\t\t\t\t\t\t\t\t\t\t\t\t<\/div>\n\t\t\t\t<\/div>\n\t\t\t\t\t<\/div>\n\t\t<\/div>\n\t\t\t\t<div class=\"elementor-column elementor-col-20 elementor-top-column elementor-element elementor-element-b51c053\" data-id=\"b51c053\" data-element_type=\"column\">\n\t\t\t<div class=\"elementor-widget-wrap\">\n\t\t\t\t\t\t\t<\/div>\n\t\t<\/div>\n\t\t\t\t\t<\/div>\n\t\t<\/section>\n\t\t\t\t<section class=\"elementor-section elementor-top-section elementor-element elementor-element-fc9d5c2 elementor-section-boxed elementor-section-height-default elementor-section-height-default\" data-id=\"fc9d5c2\" data-element_type=\"section\">\n\t\t\t\t\t\t<div class=\"elementor-container elementor-column-gap-default\">\n\t\t\t\t\t<div class=\"elementor-column elementor-col-100 elementor-top-column elementor-element elementor-element-8d46389\" data-id=\"8d46389\" data-element_type=\"column\">\n\t\t\t<div class=\"elementor-widget-wrap elementor-element-populated\">\n\t\t\t\t\t\t<div class=\"elementor-element elementor-element-7b8fb2a elementor-widget elementor-widget-spacer\" data-id=\"7b8fb2a\" data-element_type=\"widget\" data-widget_type=\"spacer.default\">\n\t\t\t\t<div class=\"elementor-widget-container\">\n\t\t\t\t\t\t\t<div class=\"elementor-spacer\">\n\t\t\t<div class=\"elementor-spacer-inner\"><\/div>\n\t\t<\/div>\n\t\t\t\t\t\t<\/div>\n\t\t\t\t<\/div>\n\t\t\t\t\t<\/div>\n\t\t<\/div>\n\t\t\t\t\t<\/div>\n\t\t<\/section>\n\t\t\t\t<section class=\"elementor-section elementor-top-section elementor-element elementor-element-6bc2271 elementor-section-full_width elementor-section-height-default elementor-section-height-default\" data-id=\"6bc2271\" data-element_type=\"section\">\n\t\t\t\t\t\t<div class=\"elementor-container elementor-column-gap-default\">\n\t\t\t\t\t<div class=\"elementor-column elementor-col-33 elementor-top-column elementor-element elementor-element-28fc450\" data-id=\"28fc450\" data-element_type=\"column\">\n\t\t\t<div class=\"elementor-widget-wrap\">\n\t\t\t\t\t\t\t<\/div>\n\t\t<\/div>\n\t\t\t\t<div class=\"elementor-column elementor-col-33 elementor-top-column elementor-element elementor-element-a16101c\" data-id=\"a16101c\" data-element_type=\"column\">\n\t\t\t<div class=\"elementor-widget-wrap elementor-element-populated\">\n\t\t\t\t\t\t<div class=\"elementor-element elementor-element-b996c65 elementor-widget elementor-widget-text-editor\" data-id=\"b996c65\" data-element_type=\"widget\" data-widget_type=\"text-editor.default\">\n\t\t\t\t<div class=\"elementor-widget-container\">\n\t\t\t\t\t\t\t\t\t<p><strong>Teren dzia\u0142ania<\/strong><\/p><p>Dzia\u0142amy g\u0142\u00f3wnie na terenie woj.\u00a0<strong>wielkopolskiego,\u00a0<\/strong>a\u00a0tak\u017ce przyjmujemy zlecenia z\u00a0s\u0105siednich wojew\u00f3dztw do 100 km.<\/p>\t\t\t\t\t\t\t\t<\/div>\n\t\t\t\t<\/div>\n\t\t\t\t\t<\/div>\n\t\t<\/div>\n\t\t\t\t<div class=\"elementor-column elementor-col-33 elementor-top-column elementor-element elementor-element-920ed23\" data-id=\"920ed23\" data-element_type=\"column\">\n\t\t\t<div class=\"elementor-widget-wrap\">\n\t\t\t\t\t\t\t<\/div>\n\t\t<\/div>\n\t\t\t\t\t<\/div>\n\t\t<\/section>\n\t\t\t\t<section class=\"elementor-section elementor-top-section elementor-element elementor-element-cb9c9de elementor-section-full_width elementor-section-height-default elementor-section-height-default\" data-id=\"cb9c9de\" data-element_type=\"section\">\n\t\t\t\t\t\t<div class=\"elementor-container elementor-column-gap-default\">\n\t\t\t\t\t<div class=\"elementor-column elementor-col-20 elementor-top-column elementor-element elementor-element-8ff7614\" data-id=\"8ff7614\" data-element_type=\"column\">\n\t\t\t<div class=\"elementor-widget-wrap\">\n\t\t\t\t\t\t\t<\/div>\n\t\t<\/div>\n\t\t\t\t<div class=\"elementor-column elementor-col-20 elementor-top-column elementor-element elementor-element-196ea2b\" data-id=\"196ea2b\" data-element_type=\"column\">\n\t\t\t<div class=\"elementor-widget-wrap elementor-element-populated\">\n\t\t\t\t\t\t<div class=\"elementor-element elementor-element-f20ede7 elementor-widget elementor-widget-image\" data-id=\"f20ede7\" data-element_type=\"widget\" data-widget_type=\"image.default\">\n\t\t\t\t<div class=\"elementor-widget-container\">\n\t\t\t\t\t\t\t\t\t\t\t\t\t\t\t<img decoding=\"async\" width=\"1024\" height=\"1024\" src=\"https:\/\/alpinmount.pl\/wp-content\/uploads\/2021\/05\/DSC_0140i-1-1024x1024.jpg\" class=\"attachment-large size-large wp-image-1331\" alt=\"Monta\u017c wk\u0142adu kominowego\" srcset=\"https:\/\/alpinmount.pl\/wp-content\/uploads\/2021\/05\/DSC_0140i-1-1024x1024.jpg 1024w, https:\/\/alpinmount.pl\/wp-content\/uploads\/2021\/05\/DSC_0140i-1-300x300.jpg 300w, https:\/\/alpinmount.pl\/wp-content\/uploads\/2021\/05\/DSC_0140i-1-150x150.jpg 150w, https:\/\/alpinmount.pl\/wp-content\/uploads\/2021\/05\/DSC_0140i-1-1536x1536.jpg 1536w, https:\/\/alpinmount.pl\/wp-content\/uploads\/2021\/05\/DSC_0140i-1-2048x2048.jpg 2048w\" sizes=\"(max-width: 1024px) 100vw, 1024px\" \/>\t\t\t\t\t\t\t\t\t\t\t\t\t\t\t<\/div>\n\t\t\t\t<\/div>\n\t\t\t\t\t<\/div>\n\t\t<\/div>\n\t\t\t\t<div class=\"elementor-column elementor-col-20 elementor-top-column elementor-element elementor-element-57e0919\" data-id=\"57e0919\" data-element_type=\"column\">\n\t\t\t<div class=\"elementor-widget-wrap\">\n\t\t\t\t\t\t\t<\/div>\n\t\t<\/div>\n\t\t\t\t<div class=\"elementor-column elementor-col-20 elementor-top-column elementor-element elementor-element-20c0f30\" data-id=\"20c0f30\" data-element_type=\"column\">\n\t\t\t<div class=\"elementor-widget-wrap elementor-element-populated\">\n\t\t\t\t\t\t<div class=\"elementor-element elementor-element-edf56ed elementor-widget elementor-widget-text-editor\" data-id=\"edf56ed\" data-element_type=\"widget\" data-widget_type=\"text-editor.default\">\n\t\t\t\t<div class=\"elementor-widget-container\">\n\t\t\t\t\t\t\t\t\t<p><strong style=\"font-style: inherit; color: #625f5f; font-family: Montserrat, sans-serif;\"><span style=\"vertical-align: inherit;\"><span style=\"vertical-align: inherit;\">OFERUJEMY WK\u0141ADY KOMINOWE Z MONTA\u017bEM:<\/span><\/span><\/strong><\/p>\n<p><strong><em>Do kot\u0142\u00f3w gzowych i olejowych<\/em><\/strong><\/p>\n<ul>\n<li>\n<p>&nbsp;wk\u0142ady kominowe &#8211; kwasoodporne<\/p>\n<\/li>\n<li>\n<p>wk\u0142ady kominowe powietrzno-spalinowe &#8211; kwasoodporne<\/p>\n<\/li>\n<li>\n<p>kominy dwu\u015bcienne &#8211; kwasoodporne<\/p>\n<\/li>\n<\/ul>\n<p><em><strong>Do kot\u0142\u00f3w na paliwo sta\u0142e<\/strong><\/em><\/p>\n<ul>\n<li>\n<p>wk\u0142ady \u017caroodporne okr\u0105g\u0142e<\/p>\n<\/li>\n<li>\n<p>wk\u0142ady owalne \u017caroodporne<\/p><\/li>\n<li>\n<p>kominy dwu\u015bcienne \u017caroodporne<\/p>\n<\/li>\n<\/ul>\n<p align=\"justify\">\n<\/p>\t\t\t\t\t\t\t\t<\/div>\n\t\t\t\t<\/div>\n\t\t\t\t\t<\/div>\n\t\t<\/div>\n\t\t\t\t<div class=\"elementor-column elementor-col-20 elementor-top-column elementor-element elementor-element-ab4ca72\" data-id=\"ab4ca72\" data-element_type=\"column\">\n\t\t\t<div class=\"elementor-widget-wrap\">\n\t\t\t\t\t\t\t<\/div>\n\t\t<\/div>\n\t\t\t\t\t<\/div>\n\t\t<\/section>\n\t\t\t\t<section class=\"elementor-section elementor-top-section elementor-element elementor-element-7aa9d70 elementor-section-boxed elementor-section-height-default elementor-section-height-default\" data-id=\"7aa9d70\" data-element_type=\"section\">\n\t\t\t\t\t\t<div class=\"elementor-container elementor-column-gap-default\">\n\t\t\t\t\t<div class=\"elementor-column elementor-col-100 elementor-top-column elementor-element elementor-element-a2d3ac0\" data-id=\"a2d3ac0\" data-element_type=\"column\">\n\t\t\t<div class=\"elementor-widget-wrap elementor-element-populated\">\n\t\t\t\t\t\t<div class=\"elementor-element elementor-element-b0a230d elementor-widget elementor-widget-spacer\" data-id=\"b0a230d\" data-element_type=\"widget\" data-widget_type=\"spacer.default\">\n\t\t\t\t<div class=\"elementor-widget-container\">\n\t\t\t\t\t\t\t<div class=\"elementor-spacer\">\n\t\t\t<div class=\"elementor-spacer-inner\"><\/div>\n\t\t<\/div>\n\t\t\t\t\t\t<\/div>\n\t\t\t\t<\/div>\n\t\t\t\t\t<\/div>\n\t\t<\/div>\n\t\t\t\t\t<\/div>\n\t\t<\/section>\n\t\t\t\t<section class=\"elementor-section elementor-top-section elementor-element elementor-element-05d0b99 elementor-section-full_width elementor-section-height-default elementor-section-height-default\" data-id=\"05d0b99\" data-element_type=\"section\">\n\t\t\t\t\t\t<div class=\"elementor-container elementor-column-gap-default\">\n\t\t\t\t\t<div class=\"elementor-column elementor-col-20 elementor-top-column elementor-element elementor-element-c3adcfc\" data-id=\"c3adcfc\" data-element_type=\"column\">\n\t\t\t<div class=\"elementor-widget-wrap\">\n\t\t\t\t\t\t\t<\/div>\n\t\t<\/div>\n\t\t\t\t<div class=\"elementor-column elementor-col-20 elementor-top-column elementor-element elementor-element-3c6b3bf\" data-id=\"3c6b3bf\" data-element_type=\"column\">\n\t\t\t<div class=\"elementor-widget-wrap elementor-element-populated\">\n\t\t\t\t\t\t<div class=\"elementor-element elementor-element-0fccbf4 elementor-widget elementor-widget-text-editor\" data-id=\"0fccbf4\" data-element_type=\"widget\" data-widget_type=\"text-editor.default\">\n\t\t\t\t<div class=\"elementor-widget-container\">\n\t\t\t\t\t\t\t\t\t<p class=\"styl8\" style=\"text-align: center;\"><strong>Dlaczego warto montowa\u0107 wk\u0142ady kominowe kwasoodporne i \u017caroodporne?<\/strong><\/p>\n<p align=\"justify\">W tradycyjnym piecu temperatura z jak\u0105 spaliny wchodz\u0105 do komina wynosi ok. 240-300\u00b0C. Tzw. punkt rosy czyli zainicjowanie procesu skraplania si\u0119 pary wodnej powsta\u0142ej w wyniku spalania wynosi ok. 30\u00b0C. W niskich budynkach tak du\u017ca r\u00f3\u017cnica temperatur wyklucza w&nbsp;praktyce powstanie punktu rosy. M\u00f3wi\u0105c pro\u015bciej, w kominie takim jest po prostu za gor\u0105co, aby mog\u0142o nast\u0105pi\u0107 skraplanie.<\/p>\n<p align=\"justify\">Nowoczesne kot\u0142y s\u0105 o wiele sprawniejsze i wykorzystuj\u0105 do maksimum energi\u0119 z paliwa. Sprawia to zarazem, \u017ce spaliny wchodz\u0105ce do komina s\u0105 znacznie ch\u0142odniejsze &#8211; temperatura ta wynosi ok. 120-160\u00b0C. Szybciej si\u0119 zatem och\u0142adzaj\u0105 i wcze\u015bniej osi\u0105gaj\u0105 punkt rosy.<\/p>\n<p align=\"justify\">Kot\u0142y te s\u0105 cyklicznie w\u0142\u0105czane i wy\u0142\u0105czane przez termostat. W relatywnie kr\u00f3tkim czasie gor\u0105ce spaliny z paleniska przelatuj\u0105 wi\u0119c przez komin, rozgrzewaj\u0105 go, po czym nast\u0119puje przerwa w procesie spalania i&nbsp;temperatura znowu si\u0119 obni\u017ca.<\/p>\n<p class=\"styl24\" align=\"justify\">Nowoczesne kot\u0142y gazowe, olejowe i w\u0119glowe o niskiej temperaturze spalin nie nagrzewaj\u0105 komina powy\u017cej punktu rosy. Przy spalaniu w\u0119gla, mia\u0142u w\u0119glowego, drewna lub gazu czy oleju, powstaje para wodna, kt\u00f3ra wykrapla si\u0119 na \u015bciankach komina, a&nbsp;w&nbsp;po\u0142\u0105czeniu ze spalinami tworzy szereg zwi\u0105zk\u00f3w (m.in. kwas siarkowy i azotowy), kt\u00f3re w&nbsp;bardzo kr\u00f3tkim okresie doprowadzaj\u0105 do zniszczenia tradycyjnego komina z cegie\u0142 lub rur kamionkowych.<\/p>\n<p align=\"justify\">Po 2-3 latach erozja zjada komin. Rozk\u0142ada si\u0119 najpierw zaprawa u\u017cyta do \u0142\u0105czenia element\u00f3w, potem poddaj\u0105 si\u0119 ceg\u0142y, powstaj\u0105 plamy na \u015bcianie komina i w efekcie tego niszcz\u0105cego dzia\u0142ania komin nadaje si\u0119 do rozbi\u00f3rki. Tradycyjny komin, w\u0142\u0105czony jako element do systemu kominowego do nowoczesnego \u017ar\u00f3d\u0142a ciep\u0142a, jest wi\u0119c nara\u017cony na&nbsp;szybkie i niszcz\u0105ce dzia\u0142anie kwa\u015bnego kondensatu.<\/p>\n<p align=\"justify\">Buduj\u0105c dom nale\u017cy zawczasu przewidzie\u0107, jakie wymogi, w zale\u017cno\u015bci od rodzaju ogrzewania, na jaki si\u0119 decydujemy, musi spe\u0142nia\u0107 system kominowy. Stare kominy nale\u017cy modernizowa\u0107. Na szcz\u0119\u015bcie dost\u0119pne technologie daj\u0105 ju\u017c spore mo\u017cliwo\u015bci zar\u00f3wno budowy nowoczesnych instalacji od podstaw, jak i adaptowania starych ci\u0105g\u00f3w kominowych.<\/p>\t\t\t\t\t\t\t\t<\/div>\n\t\t\t\t<\/div>\n\t\t\t\t\t<\/div>\n\t\t<\/div>\n\t\t\t\t<div class=\"elementor-column elementor-col-20 elementor-top-column elementor-element elementor-element-a6ed9c6\" data-id=\"a6ed9c6\" data-element_type=\"column\">\n\t\t\t<div class=\"elementor-widget-wrap\">\n\t\t\t\t\t\t\t<\/div>\n\t\t<\/div>\n\t\t\t\t<div class=\"elementor-column elementor-col-20 elementor-top-column elementor-element elementor-element-9c70c72\" data-id=\"9c70c72\" data-element_type=\"column\">\n\t\t\t<div class=\"elementor-widget-wrap elementor-element-populated\">\n\t\t\t\t\t\t<div class=\"elementor-element elementor-element-3230699 elementor-widget elementor-widget-image\" data-id=\"3230699\" data-element_type=\"widget\" data-widget_type=\"image.default\">\n\t\t\t\t<div class=\"elementor-widget-container\">\n\t\t\t\t\t\t\t\t\t\t\t\t\t\t\t<img decoding=\"async\" width=\"465\" height=\"700\" src=\"https:\/\/alpinmount.pl\/wp-content\/uploads\/2023\/03\/montaz_wkladu.jpg\" class=\"attachment-large size-large wp-image-1887\" alt=\"Monta\u017c wk\u0142adu kominowego\" srcset=\"https:\/\/alpinmount.pl\/wp-content\/uploads\/2023\/03\/montaz_wkladu.jpg 465w, https:\/\/alpinmount.pl\/wp-content\/uploads\/2023\/03\/montaz_wkladu-199x300.jpg 199w\" sizes=\"(max-width: 465px) 100vw, 465px\" \/>\t\t\t\t\t\t\t\t\t\t\t\t\t\t\t<\/div>\n\t\t\t\t<\/div>\n\t\t\t\t\t<\/div>\n\t\t<\/div>\n\t\t\t\t<div class=\"elementor-column elementor-col-20 elementor-top-column elementor-element elementor-element-c6bd230\" data-id=\"c6bd230\" data-element_type=\"column\">\n\t\t\t<div class=\"elementor-widget-wrap\">\n\t\t\t\t\t\t\t<\/div>\n\t\t<\/div>\n\t\t\t\t\t<\/div>\n\t\t<\/section>\n\t\t\t\t<section class=\"elementor-section elementor-top-section elementor-element elementor-element-2220bdf elementor-section-full_width elementor-section-height-default elementor-section-height-default\" data-id=\"2220bdf\" data-element_type=\"section\">\n\t\t\t\t\t\t<div class=\"elementor-container elementor-column-gap-default\">\n\t\t\t\t\t<div class=\"elementor-column elementor-col-33 elementor-top-column elementor-element elementor-element-fcf95eb\" data-id=\"fcf95eb\" data-element_type=\"column\">\n\t\t\t<div class=\"elementor-widget-wrap\">\n\t\t\t\t\t\t\t<\/div>\n\t\t<\/div>\n\t\t\t\t<div class=\"elementor-column elementor-col-33 elementor-top-column elementor-element elementor-element-1af7cb8\" data-id=\"1af7cb8\" data-element_type=\"column\">\n\t\t\t<div class=\"elementor-widget-wrap elementor-element-populated\">\n\t\t\t\t\t\t<div class=\"elementor-element elementor-element-1ba81bb elementor-widget elementor-widget-text-editor\" data-id=\"1ba81bb\" data-element_type=\"widget\" data-widget_type=\"text-editor.default\">\n\t\t\t\t<div class=\"elementor-widget-container\">\n\t\t\t\t\t\t\t\t\t<p><span style=\"color: #ebe6e6;\">Dzia\u0142amy w takich miejscowo\u015bciach jak:<\/span><\/p><p><span style=\"color: #ebe6e6;\">Bojanowo, Borek Wielkopolski, Buk, Chodzie\u017c, Czarnk\u00f3w, Czempi\u0144,Czerniejewo, D\u0105bie, Dobra, Dolsk, Gniezno, Golina, Go\u0142a\u0144cz, Gosty\u0144, Grab\u00f3w nad Prosn\u0105, Grodzisk Wielkopolski, Jarocin, Jastrowie, Jutrosin, Kalisz, K\u0119pno, Kleczew, K\u0142ecko, K\u0142odawa, Kobylin, Ko\u0142o, Konin, Kostrzyn, Ko\u015bcian, Ko\u017amin Wielkopolski, K\u00f3rnik, Krajenka, Krobia, Krotoszyn, Krzywi\u0144, Krzy\u017c Wielkopolski, Ksi\u0105\u017c Wielkopolski, Leszno, Lubo\u0144, Lw\u00f3wek, \u0141ob\u017cenica, Margonin, Miejska G\u00f3rka, Mi\u0119dzych\u00f3d, Mikstat, Mi\u0142os\u0142aw, Mosina, Murowana Go\u015blina. Nekla, Nowe Skalmierzyce, Nowy Tomy\u015bl, Oborniki, Obrzycko, Odolan\u00f3w, Okonek, Opalenica, Osieczna, Ostror\u00f3g, Ostr\u00f3w Wielkopolski, Ostrzesz\u00f3w, Pi\u0142a, Pleszew, Pniewy, Pobiedziska, Pogorzela, Poniec, Pozna\u0144, Przedecz, Puszczykowo, Pyzdry, Rakoniewice, Raszk\u00f3w, Rawicz, Rogo\u017ano, Rychwa\u0142, Rydzyna, Sierak\u00f3w, Skoki, S\u0142upca, Sompolno, Stawiszyn, St\u0119szew, Sulmierzyce, Swarz\u0119dz, Szamocin, Szamotu\u0142y, \u015alesin, \u015amigiel, \u015arem, \u015aroda Wielkopolska, Trzcianka, Trzemeszno, Tuliszk\u00f3w, Turek, Uj\u015bcie, W\u0105growiec, Wiele\u0144, Wielichowo, Witkowo, Wolsztyn, Wronki, Wrze\u015bnia, Wyrzysk, Wysoka, Zag\u00f3r\u00f3w, Zb\u0105szy\u0144, Zduny, Z\u0142ot\u00f3w, \u017berk\u00f3w<\/span><\/p>\t\t\t\t\t\t\t\t<\/div>\n\t\t\t\t<\/div>\n\t\t\t\t\t<\/div>\n\t\t<\/div>\n\t\t\t\t<div class=\"elementor-column elementor-col-33 elementor-top-column elementor-element elementor-element-7560592\" data-id=\"7560592\" data-element_type=\"column\">\n\t\t\t<div class=\"elementor-widget-wrap\">\n\t\t\t\t\t\t\t<\/div>\n\t\t<\/div>\n\t\t\t\t\t<\/div>\n\t\t<\/section>\n\t\t\t\t<\/div>\n\t\t","protected":false},"excerpt":{"rendered":"<p>Zajmujemy si\u0119 sprzeda\u017c\u0105 oraz monta\u017cem wk\u0142ad\u00f3w kominowych kwasoodpornych i\u00a0\u017caroodpornych, nasad kominowych, przeznaczonych do urz\u0105dze\u0144 opalanych gazem, olejem oraz paliwem sta\u0142ym (w\u0119giel, drewno, pelet, ekogroszek). \u00a0 Dzia\u0142amy na rynku od 2010 r. Teren dzia\u0142ania Dzia\u0142amy g\u0142\u00f3wnie na terenie woj.\u00a0wielkopolskiego,\u00a0a\u00a0tak\u017ce przyjmujemy zlecenia z\u00a0s\u0105siednich wojew\u00f3dztw do 100 km. OFERUJEMY WK\u0141ADY KOMINOWE Z MONTA\u017bEM: Do kot\u0142\u00f3w gzowych i olejowych &hellip;<\/p>\n<p class=\"read-more\"> <a class=\"\" href=\"https:\/\/alpinmount.pl\/?page_id=1869\"> <span class=\"screen-reader-text\">Monta\u017c wk\u0142ad\u00f3w kominowych<\/span> Read More &raquo;<\/a><\/p>\n","protected":false},"author":1,"featured_media":0,"parent":0,"menu_order":0,"comment_status":"closed","ping_status":"closed","template":"","meta":{"om_disable_all_campaigns":false,"_monsterinsights_skip_tracking":false,"_monsterinsights_sitenote_active":false,"_monsterinsights_sitenote_note":"","_monsterinsights_sitenote_category":0,"_uf_show_specific_survey":0,"_uf_disable_surveys":false,"footnotes":""},"class_list":["post-1869","page","type-page","status-publish","hentry"],"aioseo_notices":[],"_links":{"self":[{"href":"https:\/\/alpinmount.pl\/index.php?rest_route=\/wp\/v2\/pages\/1869","targetHints":{"allow":["GET"]}}],"collection":[{"href":"https:\/\/alpinmount.pl\/index.php?rest_route=\/wp\/v2\/pages"}],"about":[{"href":"https:\/\/alpinmount.pl\/index.php?rest_route=\/wp\/v2\/types\/page"}],"author":[{"embeddable":true,"href":"https:\/\/alpinmount.pl\/index.php?rest_route=\/wp\/v2\/users\/1"}],"replies":[{"embeddable":true,"href":"https:\/\/alpinmount.pl\/index.php?rest_route=%2Fwp%2Fv2%2Fcomments&post=1869"}],"version-history":[{"count":30,"href":"https:\/\/alpinmount.pl\/index.php?rest_route=\/wp\/v2\/pages\/1869\/revisions"}],"predecessor-version":[{"id":1941,"href":"https:\/\/alpinmount.pl\/index.php?rest_route=\/wp\/v2\/pages\/1869\/revisions\/1941"}],"wp:attachment":[{"href":"https:\/\/alpinmount.pl\/index.php?rest_route=%2Fwp%2Fv2%2Fmedia&parent=1869"}],"curies":[{"name":"wp","href":"https:\/\/api.w.org\/{rel}","templated":true}]}}